[INFO] fetching crate rethinkdb 0.1.0...
[INFO] checking rethinkdb-0.1.0 against master#af3c6e733a40e671550e0f0f5aeecaa13772ba56 for pr-74989
[INFO] extracting crate rethinkdb 0.1.0 into /workspace/builds/worker-1/source
[INFO] validating manifest of crates.io crate rethinkdb 0.1.0 on toolchain af3c6e733a40e671550e0f0f5aeecaa13772ba56
[INFO] running `Command { std: "/workspace/cargo-home/bin/cargo" "+af3c6e733a40e671550e0f0f5aeecaa13772ba56" "read-manifest" "--manifest-path" "Cargo.toml", kill_on_drop: false }`
[INFO] started tweaking crates.io crate rethinkdb 0.1.0
[INFO] removed 0 missing examples
[INFO] finished tweaking crates.io crate rethinkdb 0.1.0
[INFO] tweaked toml for crates.io crate rethinkdb 0.1.0 written to /workspace/builds/worker-1/source/Cargo.toml
[INFO] running `Command { std: "/workspace/cargo-home/bin/cargo" "+af3c6e733a40e671550e0f0f5aeecaa13772ba56" "generate-lockfile" "--manifest-path" "Cargo.toml" "-Zno-index-update", kill_on_drop: false }`
[INFO] [stderr]     Blocking waiting for file lock on package cache
[INFO] [stderr]     Updating git repository `https://github.com/tomjakubowski/json_macros`
[INFO] running `Command { std: "/workspace/cargo-home/bin/cargo" "+af3c6e733a40e671550e0f0f5aeecaa13772ba56" "fetch" "--locked" "--manifest-path" "Cargo.toml", kill_on_drop: false }`
[INFO] running `Command { std: "docker" "create" "-v" "/var/lib/crater-agent-workspace/builds/worker-1/target:/opt/rustwide/target:rw,Z" "-v" "/var/lib/crater-agent-workspace/builds/worker-1/source:/opt/rustwide/workdir:ro,Z" "-v" "/var/lib/crater-agent-workspace/cargo-home:/opt/rustwide/cargo-home:ro,Z" "-v" "/var/lib/crater-agent-workspace/rustup-home:/opt/rustwide/rustup-home:ro,Z" "-e" "SOURCE_DIR=/opt/rustwide/workdir" "-e" "CARGO_TARGET_DIR=/opt/rustwide/target" "-e" "CARGO_HOME=/opt/rustwide/cargo-home" "-e" "RUSTUP_HOME=/opt/rustwide/rustup-home" "-w" "/opt/rustwide/workdir" "-m" "1610612736" "--user" "0:0" "--network" "none" "rustops/crates-build-env@sha256:d92eaeed33fa75130ca1ee6c8a01d1ffb62bac859dfdfb3450e3e5d1c0146529" "/opt/rustwide/cargo-home/bin/cargo" "+af3c6e733a40e671550e0f0f5aeecaa13772ba56" "metadata" "--no-deps" "--format-version=1", kill_on_drop: false }`
[INFO] [stdout] 986e464ee70754f53162e7d9b6eadee253b030627f6d56ebb8680159905987c7
[INFO] [stderr] WARNING: Your kernel does not support swap limit capabilities or the cgroup is not mounted. Memory limited without swap.
[INFO] running `Command { std: "docker" "start" "-a" "986e464ee70754f53162e7d9b6eadee253b030627f6d56ebb8680159905987c7", kill_on_drop: false }`
[INFO] running `Command { std: "docker" "inspect" "986e464ee70754f53162e7d9b6eadee253b030627f6d56ebb8680159905987c7", kill_on_drop: false }`
[INFO] running `Command { std: "docker" "rm" "-f" "986e464ee70754f53162e7d9b6eadee253b030627f6d56ebb8680159905987c7", kill_on_drop: false }`
[INFO] [stdout] 986e464ee70754f53162e7d9b6eadee253b030627f6d56ebb8680159905987c7
[INFO] running `Command { std: "docker" "create" "-v" "/var/lib/crater-agent-workspace/builds/worker-1/target:/opt/rustwide/target:rw,Z" "-v" "/var/lib/crater-agent-workspace/builds/worker-1/source:/opt/rustwide/workdir:ro,Z" "-v" "/var/lib/crater-agent-workspace/cargo-home:/opt/rustwide/cargo-home:ro,Z" "-v" "/var/lib/crater-agent-workspace/rustup-home:/opt/rustwide/rustup-home:ro,Z" "-e" "SOURCE_DIR=/opt/rustwide/workdir" "-e" "CARGO_TARGET_DIR=/opt/rustwide/target" "-e" "CARGO_INCREMENTAL=0" "-e" "RUST_BACKTRACE=full" "-e" "RUSTFLAGS=--cap-lints=forbid" "-e" "CARGO_HOME=/opt/rustwide/cargo-home" "-e" "RUSTUP_HOME=/opt/rustwide/rustup-home" "-w" "/opt/rustwide/workdir" "-m" "1610612736" "--user" "0:0" "--network" "none" "rustops/crates-build-env@sha256:d92eaeed33fa75130ca1ee6c8a01d1ffb62bac859dfdfb3450e3e5d1c0146529" "/opt/rustwide/cargo-home/bin/cargo" "+af3c6e733a40e671550e0f0f5aeecaa13772ba56" "check" "--frozen" "--all" "--all-targets" "--message-format=json", kill_on_drop: false }`
[INFO] [stdout] b7153d3277c6ea4406554c8e8fffd6e678c8dbcc0d89201b04898b7590148532
[INFO] [stderr] WARNING: Your kernel does not support swap limit capabilities or the cgroup is not mounted. Memory limited without swap.
[INFO] running `Command { std: "docker" "start" "-a" "b7153d3277c6ea4406554c8e8fffd6e678c8dbcc0d89201b04898b7590148532", kill_on_drop: false }`
[INFO] [stderr]     Blocking waiting for file lock on package cache
[INFO] [stderr]     Checking rethinkdb v0.1.0 (/opt/rustwide/workdir)
[INFO] [stderr]    Compiling json_macros v0.3.2 (https://github.com/tomjakubowski/json_macros#82944d85)
[INFO] [stdout] error[E0557]: feature has been removed
[INFO] [stdout]  --> /opt/rustwide/cargo-home/git/checkouts/json_macros-d73007c190b8af75/82944d8/src/lib.rs:1:30
[INFO] [stdout]   |
[INFO] [stdout] 1 | #![feature(plugin_registrar, quote)]
[INFO] [stdout]   |                              ^^^^^ feature has been removed
[INFO] [stdout] 
[INFO] [stdout] 
[INFO] [stdout] error: expected identifier, found keyword `mod`
[INFO] [stdout]  --> src/errors.rs:3:23
[INFO] [stdout]   |
[INFO] [stdout] 3 | use serialize::json::{mod, Json};
[INFO] [stdout]   |                       ^^^ expected identifier, found keyword
[INFO] [stdout]   |
[INFO] [stdout] help: you can escape reserved keywords to use them as identifiers
[INFO] [stdout]   |
[INFO] [stdout] 3 | use serialize::json::{r#mod, Json};
[INFO] [stdout]   |                       ^^^^^
[INFO] [stdout] 
[INFO] [stdout] 
[INFO] [stdout] error: expected identifier, found keyword `mod`
[INFO] [stdout]  --> src/net/response.rs:4:21
[INFO] [stdout]   |
[INFO] [stdout] 4 | use errors::Error::{mod, ProtocolError};
[INFO] [stdout]   |                     ^^^ expected identifier, found keyword
[INFO] [stdout]   |
[INFO] [stdout] help: you can escape reserved keywords to use them as identifiers
[INFO] [stdout]   |
[INFO] [stdout] 4 | use errors::Error::{r#mod, ProtocolError};
[INFO] [stdout]   |                     ^^^^^
[INFO] [stdout] 
[INFO] [stdout] 
[INFO] [stdout] error[E0462]: found staticlib `rustc` instead of rlib or dylib
[INFO] [stdout]  --> /opt/rustwide/cargo-home/git/checkouts/json_macros-d73007c190b8af75/82944d8/src/lib.rs:4:1
[INFO] [stdout]   |
[INFO] [stdout] 4 | extern crate rustc;
[INFO] [stdout]   | ^^^^^^^^^^^^^^^^^^^
[INFO] [stdout]   |
[INFO] [stdout]   = help: please recompile that crate using --crate-type lib
[INFO] [stdout]   = note: the following crate versions were found:
[INFO] [stdout]           crate `rustc`: /opt/rustwide/rustup-home/toolchains/af3c6e733a40e671550e0f0f5aeecaa13772ba56/lib/rustlib/x86_64-unknown-linux-gnu/lib/librustc-nightly_rt.asan.a
[INFO] [stdout]           crate `rustc`: /opt/rustwide/rustup-home/toolchains/af3c6e733a40e671550e0f0f5aeecaa13772ba56/lib/rustlib/x86_64-unknown-linux-gnu/lib/librustc-nightly_rt.tsan.a
[INFO] [stdout]           crate `rustc`: /opt/rustwide/rustup-home/toolchains/af3c6e733a40e671550e0f0f5aeecaa13772ba56/lib/rustlib/x86_64-unknown-linux-gnu/lib/librustc-nightly_rt.msan.a
[INFO] [stdout]           crate `rustc`: /opt/rustwide/rustup-home/toolchains/af3c6e733a40e671550e0f0f5aeecaa13772ba56/lib/rustlib/x86_64-unknown-linux-gnu/lib/librustc-nightly_rt.lsan.a
[INFO] [stdout] 
[INFO] [stdout] 
[INFO] [stdout] error: expected identifier, found keyword `mod`
[INFO] [stdout]  --> src/query/mod.rs:1:23
[INFO] [stdout]   |
[INFO] [stdout] 1 | use serialize::json::{mod, ToJson};
[INFO] [stdout]   |                       ^^^ expected identifier, found keyword
[INFO] [stdout]   |
[INFO] [stdout] help: you can escape reserved keywords to use them as identifiers
[INFO] [stdout]   |
[INFO] [stdout] 1 | use serialize::json::{r#mod, ToJson};
[INFO] [stdout]   |                       ^^^^^
[INFO] [stdout] 
[INFO] [stdout] 
[INFO] [stdout] error[E0463]: can't find crate for `serialize`
[INFO] [stdout]  --> src/lib.rs:4:1
[INFO] [stdout]   |
[INFO] [stdout] 4 | extern crate serialize;
[INFO] [stdout]   | ^^^^^^^^^^^^^^^^^^^^^^^ can't find crate
[INFO] [stdout] 
[INFO] [stdout] 
[INFO] [stdout] error: aborting due to 2 previous errors
[INFO] [stdout] 
[INFO] [stdout] 
[INFO] [stdout] For more information about this error, try `rustc --explain E0557`.
[INFO] [stdout] 
[INFO] [stdout] error: aborting due to 4 previous errors
[INFO] [stdout] 
[INFO] [stdout] 
[INFO] [stdout] For more information about this error, try `rustc --explain E0463`.
[INFO] [stdout] 
[INFO] [stderr] error: could not compile `rethinkdb`.
[INFO] [stderr] 
[INFO] [stderr] To learn more, run the command again with --verbose.
[INFO] [stderr] warning: build failed, waiting for other jobs to finish...
[INFO] [stderr] error: build failed
[INFO] running `Command { std: "docker" "inspect" "b7153d3277c6ea4406554c8e8fffd6e678c8dbcc0d89201b04898b7590148532", kill_on_drop: false }`
[INFO] running `Command { std: "docker" "rm" "-f" "b7153d3277c6ea4406554c8e8fffd6e678c8dbcc0d89201b04898b7590148532", kill_on_drop: false }`
[INFO] [stdout] b7153d3277c6ea4406554c8e8fffd6e678c8dbcc0d89201b04898b7590148532
